 j(w) = 5*w**2 + 5. Let i(q) = 5*j(q) - 6*m(q). Calculate i(l).
-10
Let t(a) = -4*a + 2 + 3*a - 1 + 2. Let n be t(8). Let x(h) = 3*h + 4. Give x(n).
-11
Let f(c) be the third derivative of -c**4/24 - c**3 - 2*c**2. Let r be f(-5). Let p(i) = -8*i**2 + 1 + 43*i - 43*i. Determine p(r).
-7
Let u(c) = -2*c**2 - c + 8. Let f(z) = z**2 + z + 1. Let o(k) = f(k) + u(k). Calculate o(0).
9
Suppose 0 = 2*g - 14 - 16. Let s(w) = -16*w + g*w - 3 + 0*w**3 - w**3. What is s(0)?
-3
Let d(x) = -x**2 - 1. Let c(k) = -3*k**2 + 2*k - 6. Let g(o) = c(o) - 4*d(o). Give g(2).
6
Suppose 0 = 4*w + 3 + 1. Let n = w - -2. Let f = -3 - n. Let v(i) = i + 4. What is v(f)?
0
Let d(n) = 5*n - 1. Let c = 8 - 9. Calculate d(c).
-6
Suppose -2*w + 5*y = 12, 4 = -2*y + 12. Let c(m) = m**2 - 3 - 2*m**3 + w*m**3 - 3*m**3 + 5*m + 2*m**2. Let v be c(4). Let j(d) = 8*d + 1. Calculate j(v).
9
Let j(t) = -5*t + 1. Let d(s) = -3*s**3 - 3*s**2 - 2*s + 1. Let u be d(-2). Suppose 3 - 1 = -5*w - y, -2*w = -5*y + u. Let l be (w - (-1 - -1)) + 0. Give j(l).
6
Let x(g) = g - 8. Suppose 3*q - 3 = -5*f, 0 = -3*q - 0*f - 4*f + 6. Determine x(q).
-2
Let g(u) be the third derivative of u**5/60 + 5*u**4/24 + u**3/3 + 7*u**2. Determine g(-3).
-4
Let q(n) = n**3 - n**2 + n - 1. Let f(t) = 2*t**3 + 2*t**2 + 3*t + 2. Let h(b) = -f(b) + q(b). Determine h(-3).
3
Suppose -3*u + 0*z = -z - 9, -2*z + 15 = 5*u. Let a = 8 - u. Let r(o) = 2*o - 4. Calculate r(a).
6
Suppose -3*n + 6 = -n. Suppose 0 = -n*q - q. Let k(r) = r + 8. Calculate k(q).
8
Let p(b) = -b - 4. Let n be p(-5). Let a(m) = -3*m + 2*m + n + 4. Suppose 0 = -7*r + 4*r + 15. What is a(r)?
0
Let d = -18 + -14. Let l be 6/(-30) - d/10. Let i(f) = -f**2 + 2*f + 1. Give i(l).
-2
Let t(y) be the first derivative of y**4/4 - 3*y**2/2 - 3*y - 8. Calculate t(3).
15
Let l(b) = 6*b + 6*b + 6 - 20*b + 9*b. Let a(o) = o**2 - 5*o - 2. Let u be a(4). Calculate l(u).
0
Let r(h) = h + 7. Let n be 0/(-4*4/(-8)). Give r(n).
7
Suppose 2*n - 6 = a - 2, 3*n - 6 = 5*a. Suppose y - 19 = -3*h - h, -4*y - 2*h + 20 = a. Let z(d) = -d**2 + 1. Calculate z(y).
-8
Let q(o) = -o**3 + 8*o**2 + 10*o - 12. Suppose 0*v = -2*w + v + 19, -2*w - 5*v + 13 = 0. Calculate q(w).
-3
Suppose 0 = 4*z + 4*v, -z - 3*v = -0 + 4. Let q(d) = -1 - 5*d**2 + 4*d**z - 1. Suppose -3*j + f + 5 = 0, -2*f + f = 5. Determine q(j).
-2
Let f = -5 + -2. Let a = f - -6. Let l(v) = 3*v**3 + v**2 - 1. Determine l(a).
-3
Let x(a) be the third derivative of -a**6/120 - a**5/20 + a**4/12 + 2*a**2. Suppose 4*i - 2*k = 3*k - 32, 0 = -5*i + 3*k - 27. Determine x(i).
-6
Let l(m) = m**2 + 2*m + 1. Let h be ((-2)/4)/(2 + 92/(-48)). What is l(h)?
25
Let q(p) = -p**2 + 2*p - 4. Let y(h) = h**2 - 2*h + 3. Let s(r) = -2*q(r) - 3*y(r). Give s(2).
-1
Let n(p) = p + 3. Let g(y) = -y**3 + 2 + 0*y**3 - 8*y**2 - 4 - 3*y**2 + 12*y. Let d be g(-12). Calculate n(d).
1
Let x(l) be the third derivative of -l**5/15 + l**4/12 - l**3/6 + 14*l**2. Calculate x(1).
-3
Suppose 5*w + 3*u - 2*u + 8 = 0, 5*u = -5*w. Let l(a) = -a**2 + 6*a. Let c be l(6). Let k(h) = c - 2 + 2*h + 1. Calculate k(w).
-5
Suppose 0 = 3*k + m - 13, 3*m + 4 = 2*k - 1. Let h(x) = 6*x**2 - 10*x - 2 - 8*x**2 - x**2. Let i(j) = -j**2 - 5*j - 1. Let l(d) = 2*h(d) - 5*i(d). What is l(k)?
5
Suppose 2*w - x = 13, -2*w + 3*x - 4*x = -3. Let a = w - 3. Let h(c) = -3*c. What is h(a)?
-3
Let d(v) = -v**3 - 5*v**2 + 4*v - 5. Suppose 2*h + 2 + 10 = 0. Calculate d(h).
7
Let l = 28 + -22. Let y(u) = -u**3 + 6*u**2 - u + 6. Give y(l).
0
Let n(u) = u + 15. Let y = -46 + 46. What is n(y)?
15
Let x(p) = p**2 + 2*p - 1. Suppose -4*s = 4*q - 12, -s + 0*s - 45 = -5*q. Let f = 9 - q. Let g be (-45)/(-20) + f/(-4). Give x(g).
7
Let l(q) = -7 - 4*q + 8 - q**3 - 3*q**2 + 2*q**3. Determine l(4).
1
Let o(v) = v**3 - 7*v**2 + 4*v + 8. Suppose -m = -2*m + 3*s + 21, -2*m + 4*s + 32 = 0. Determine o(m).
-4
Let j(k) = -k - 2. Let y be j(-1). Let v(h) = 2*h**2 - h - 1. Let s be v(y). Let m(l) = -2 + 3 + 5*l + l**s - 4. Calculate m(-5).
-3
Let g = -42 + 46. Let y(n) = -n**2 + 6*n - 2. What is y(g)?
6
Suppose 2*o + 2*o - 28 = 0. Suppose 5*k - 5*b + 5 = 0, o*b - 2*b - 25 = 0. Let g(n) = 4 - n**2 - n**3 + 0 + 4*n**2 + k*n. Give g(4).
4
Let w(i) = -i - 2*i**2 - 6*i + i**3 - 1 - 3*i**2 - 6. Determine w(6).
-13
Let a(f) = -1326*f + 3*f**2 + 1323*f - 1 + f**3 + 5. Determine a(-4).
0
Suppose 3*t = -2*d - 7, 0 = -d - 3*t - t - 16. Let s = d - 4. Suppose -2*x = -5*o - s + 2, 5*o - x - 1 = 0. Let y(a) = a**3 + 7. Determine y(o).
7
Suppose -12 = t - 5*t. Suppose -t*o = o. Let v(r) be the second derivative of r**4/12 + 9*r**2/2 + 23*r. What is v(o)?
9
Let y(j) = -2 - j + 0 + 5 + 1. Calculate y(5).
-1
Let j(d) = 1. Let o(n) = 16*n - 26. Let s(t) = 3*t - 5. Let l(b) = -2*o(b) + 11*s(b). Let x(m) = -2*j(m) + l(m). Give x(-5).
-10
Let i(z) = -z**2 + 5*z + 20. Let s be i(7). Let w(v) = v - 1. Let p(j) = j. Let k(g) = -4*p(g) + 5*w(g). What is k(s)?
1
Let h(w) = 5*w**3 + w**2 - 4*w. Let g(s) = 14*s**3 + 2*s**2 - 11*s. Let j(m) = 4*g(m) - 11*h(m). Suppose 3*k = -k. Suppose k*n = -2*n + 4. What is j(n)?
-4
Let s(i) be the third derivative of -i**6/120 - 7*i**5/60 - i**4/3 + i**3/3 + 17*i**2. What is s(-6)?
14
Let v(m) be the third derivative of m**5/60 + 5*m**4/24 + m**3/2 + m**2. Suppose -2*n = -4*d + 3*n - 33, 0 = -d + 5*n - 27. Give v(d).
-3
Suppose -54 = 2*m - 62. Let b(l) = l**2 - 3*l. Calculate b(m).
4
Let g(o) be the first derivative of 2*o + 1 + 4/3*o**3 - 2*o**2. Let n be -1 + (1 - -5)/2. Determine g(n).
10
Let y(o) = -o - 1. Let m be y(4). Let w(d) = -d**3 - 6*d**2 - 2*d + 7. Calculate w(m).
-8
Let t(z) = -2*z - 1. Let b be (-4)/7*(-42)/12. Suppose -d = b*d + 18. Give t(d).
11
Suppose -5*m = -5*v + 20, -3*v - m + 2 = m. Suppose -v*g = -2 - 4. Let u(i) = i**3 - 3*i**2 - i - 4. Calculate u(g).
-7
Let q(f) be the first derivative of 10*f**3/3 - f**2/2 - 17. Calculate q(1).
9
Let d(o) = -o**2 + 6*o - 3. Let g be d(5). Suppose s = 5 + g. Let h(k) = -k**3 + 6*k**2 + 8*k - 1. Determine h(s).
6
Let p(i) be the second derivative of 0 + 5/2*i**2 - 1/12*i**4 + i + 2/3*i**3. What is p(5)?
0
Let v(o) = -2*o + 3. Let m(b) be the first derivative of b**2/2 - b - 2. Let d(s) = -11*m(s) - 4*v(s). Let l be 5 + 1 + (-12)/3. Determine d(l).
-7
Let m(i) be the first derivative of -i**4/4 - i**2/2 + 2*i - 1. Suppose -u + 4*q + 6 = 0, -q = -5*u + 4*q - 15. Let d = u + 8. Calculate m(d).
-8
Let h(o) be the first derivative of -3*o**2 - 5*o + 25. Determine h(-5).
25
Let f(g) = 2*g**2 + 3*g + 1. Let n = 1 + -7. Let m(b) = -4*b + 5*b + 4 + 0. Let u be m(n). Calculate f(u).
3
Let f be ((-4)/6)/((-8)/84). Let t(m) = m**2 - 5*m - 7. What is t(f)?
7
Let g(v) = v + 4. Suppose q - 2 = 1. Suppose 42 = 5*l - 3*u, 9 = q*l + 3*u + 3. Suppose -2*r - l = 0, -2*h - 5*r = 2*h + 3. What is g(h)?
7
Let z(a) be the first derivative of 3*a - 3/2*a**2 - 3 - 1/3*a**3. Suppose -2*s - 8 = p, -8 = 2*s - 0*s - p. What is z(s)?
-1
Let n(s) = s**2 + 123*s - 8 - 62*s + 1 - 65*s. Suppose 5*y = -10 + 40. What is n(y)?
5
Let q(m) = m**2 - 5*m - 1. Let x(r) = -6*r. Let t be x(-1). Let f be q(t). Suppose 0*h - 5 = f*h. Let l(c) = 5*c**3 + c**2 - 1. Give l(h).
-5
Let a(l) = -l**2 + 14*l - 13. Let z be a(13). Let p(x) = -x**2 + x - 11. Give p(z).
-11
Let u(r) = r**2 - 2*r + 3. Let a(q) = q**2. Let n be a(-2). Suppose 7*x + n = 9*x. Determine u(x).
3
Let d(g) be the second derivative of -g**4/12 + g**3/3 - 4*g. Give d(2).
0
Let b = 4 + 1. Let o(z) = 13*z**2 + 2*z + 12. Let s(w) = -w**2 - w - 1. Let m(x) = -o(x) - 6*s(x). Let i(d) = d**2 + 1. Let j(n) = 6*i(n) + m(n). What is j(b)?
-5
Let z(v) = -2*v - 8*v**2 + 2*v + 1. Let o be (-5)/((-10)/(-8)) - 2. Let t(c) = -c**2 - 6*c + 1. Let y be t(o). Determine z(y).
-7
Let r = -6 + 9. Let m(o) = 3*o**2 - r + 3*o**3 - 2*o**3 - 3*o - 2 + 2. Calculate m(-3).
6
Let t(x) = x**3 - 6*x**2 + 7*x - 7. Let d(w) = -5*w. Let i be d(-6). Suppose -u = 2*u - i. Suppose j - u = -j. Calculate t(j).
3
Let d be 2/9 - (-129)/27. Let v = d + -7. Let p be (-1)/v*2*-5. Let g(r) = r. Calculate g(p).
-5
Suppose 28 = 4*z + 4*o, 2*z + 5*o = -6 + 29. Let c(p) = -p - 2. Let g(b) = 9*b + 15. Let y(m) = 33*c(m) + 4*g(m). Determine y(z).
6
Let c(i) = -i**2 - 2*i + 4. Suppose -g - 3*g - 19 = 5*k, -3*k = -g + 8. Give c(k).
1
Let x be (-30)/(-4)*4/6. Let b(a) = 2 